{"id":10393,"date":"2026-03-24T07:54:57","date_gmt":"2026-03-24T06:54:57","guid":{"rendered":"https:\/\/anb030.de\/a\/?page_id=10393"},"modified":"2026-05-07T18:54:25","modified_gmt":"2026-05-07T17:54:25","slug":"webapps","status":"publish","type":"page","link":"https:\/\/anb030.de\/a\/menue\/webapps\/","title":{"rendered":"Meine WebApp\u2018s"},"content":{"rendered":"\n<p><\/p>\n\n\n\n<p class=\"has-text-align-left\">Willkommen auf meinem digitalen Spielplatz! Das ist der Ort, an dem ich mit Leidenschaft Code-Zeilen schreibe, Pixel verschiebe und hin und wieder einen hartn\u00e4ckigen Bug besiege. Die meisten Apps hier sind entstanden, weil ich im Netz vergeblich nach einer L\u00f6sung gesucht habe \u2013 oder weil ich einfach wissen wollte, ob ich \u201eThema XY\u201d bezwingen kann. Jedes Projekt ist echte digitale Handarbeit, gefertigt mit viel Herzblut und einer vermutlich ungesunden Menge Koffein. Schau dich also in Ruhe um! Und keine Sorge: Wenn du auf etwas klickst und es tats\u00e4chlich auf Anhieb funktioniert, soll das so sein. Such dir etwas aus, probier es aus. Falls es im Browser doch mal anf\u00e4ngt zu rauchen, Einfach kurz die Seite neu laden und so tun, als w\u00e4re nichts passiert!<\/p>\n\n\n\n<div style=\"height:100px\" aria-hidden=\"true\" class=\"wp-block-spacer\"><\/div>\n\n\n\n<h2 class=\"wp-block-heading has-text-align-left\">\u29c1 FahrINFO Monitor \u201eBerlin &amp; Brandenburg\u201c<\/h2>\n\n\n\n<p class=\"has-text-align-left\">Der FahrINFO Monitor ist eine schlanke, vollst\u00e4ndig clientseitige \u00d6PNV-Web-App f\u00fcr Berlin und Brandenburg. Sie kombiniert Echtzeit-Abfahrten und Haltestellensuchen \u00fcber die APIs von VBB und BVG. Durch eine intelligente 3-Sekunden-Fallback-Logik, Debouncing und Request-Abbruchmechanismen werden Suchanfragen effizient verarbeitet, ohne die APIs zu \u00fcberlasten. Die App bietet eine schnelle Haltestellensuche mit Autocomplete und eine Favoritenverwaltung \u00fcber lokale Cookies. Dar\u00fcber hinaus verf\u00fcgt sie \u00fcber eine bewusst reduzierte, retro-inspirierte UI im Dot-Matrix-Stil. Als besonderes Extra zeigt das Dashboard stilisierte Abfahrtstafeln mit Echtzeit-Feeling und simulierten Versp\u00e4tungsanzeigen, die f\u00fcr ein authentisches \u201eFahrplan-Display\u201c-Erlebnis sorgen.<br \/><br \/>\u2022 Kategorie: Produktivit\u00e4t, Traffic <br \/>\u2022 iOS- &amp; iPad-Optimiert<br \/>\u2022 WebApp-Ready<br \/>\u2022 Version: <strong>2.22 (260507)<\/strong><\/p>\n\n\n<div class=\"wp-block-image\">\n<figure class=\"aligncenter size-thumbnail\"><a href=\"https:\/\/anb030.de\/app.fahrinfo\/\"><img loading=\"lazy\" decoding=\"async\" width=\"150\" height=\"150\" src=\"https:\/\/anb030.de\/a\/wp-content\/uploads\/2025\/07\/icon-1-150x150.png\" alt=\"Zur FahrINFO Monitor WebApp\" class=\"wp-image-9275\" srcset=\"https:\/\/anb030.de\/a\/wp-content\/uploads\/2025\/07\/icon-1-150x150.png 150w, https:\/\/anb030.de\/a\/wp-content\/uploads\/2025\/07\/icon-1-300x300.png 300w, https:\/\/anb030.de\/a\/wp-content\/uploads\/2025\/07\/icon-1-768x768.png 768w, https:\/\/anb030.de\/a\/wp-content\/uploads\/2025\/07\/icon-1.png 1024w\" sizes=\"auto, (max-width: 150px) 100vw, 150px\" \/><\/a><\/figure>\n<\/div>\n\n\n<div style=\"height:100px\" aria-hidden=\"true\" class=\"wp-block-spacer\"><\/div>\n\n\n\n<h2 class=\"wp-block-heading has-text-align-left\"><strong>\u29c1<\/strong> auraTiVi<\/h2>\n\n\n\n<p class=\"has-text-align-left\">High-End-TV-Feeling im Browser und als WebApp: Vergiss klobige Player! auraTiVi verwandelt einfache m3u-Listen in eine stylische, interaktive Schaltzentrale. Die nur knapp 2 MB gro\u00dfe mit samt aller Grafiken enthaltene WebApp liefert ein sattes User-Interface im Glasmorphismus-Look direkt in deinen Tab. Schlank, blitzschnell und ohne Installation \u2013 einfach aufklappen und losstreamen. Minimaler Code, maximaler Style.<br \/><br \/>\u2022 Kategorie: Produktivit\u00e4t, Streaming<br \/>\u2022 iOS-, iPad- &amp; Desktop-Optimiert<br \/>\u2022 WebApp-Ready<br \/>\u2022 Version: <strong>2.269 (260405)<\/strong><\/p>\n\n\n\n<p class=\"has-text-align-center\"><\/p>\n\n\n<div class=\"wp-block-image\">\n<figure class=\"aligncenter size-thumbnail\"><a href=\"https:\/\/anb030.de\/app.aurativi\/\"><img loading=\"lazy\" decoding=\"async\" width=\"150\" height=\"150\" src=\"https:\/\/anb030.de\/a\/wp-content\/uploads\/2026\/04\/img_2760-1-150x150.png\" alt=\"Zur WebApp: auraTiVi \" class=\"wp-image-10495\" srcset=\"https:\/\/anb030.de\/a\/wp-content\/uploads\/2026\/04\/img_2760-1-150x150.png 150w, https:\/\/anb030.de\/a\/wp-content\/uploads\/2026\/04\/img_2760-1-300x300.png 300w, https:\/\/anb030.de\/a\/wp-content\/uploads\/2026\/04\/img_2760-1.png 512w\" sizes=\"auto, (max-width: 150px) 100vw, 150px\" \/><\/a><\/figure>\n<\/div>\n\n\n<div style=\"height:100px\" aria-hidden=\"true\" class=\"wp-block-spacer\"><\/div>\n\n\n\n<h2 class=\"wp-block-heading has-text-align-left\"><strong>\u29c1<\/strong> H\u00f6rspielwerk<\/h2>\n\n\n\n<p class=\"has-text-align-left\">Das H\u00f6rspielwerk ist ein vollst\u00e4ndig PHP-basiertes Archiv- und Tracking-System f\u00fcr H\u00f6rspielfans wie mich. Es verkn\u00fcpft Apple-Music-Inhalte mit einer pers\u00f6nlichen H\u00f6rdatenbank und stellt sie in einem eleganten iOS-Design dar. Dank des intelligenten Release-Radars, der automatischen Zyklusberechnung und des Meilenstein-Systems mit Gamification-R\u00e4ngen beh\u00e4lt man stets den \u00dcberblick \u00fcber die Lieblingsserien \u2013 ohne Tracking und DSGVO-konform. Als Gimmick verraten einzelne Textelemente, wo der Entwickler herkommt: \u201eDa kiekt dann meen Berlinerisch durch.\u201d<br \/><br \/>\u2022 Kategorie: Produktivit\u00e4t, Streaming<br \/>\u2022 iOS-, iPad- &amp; Desktop-Optimiert<br \/>\u2022 WebApp-Ready<br \/>\u2022 Version: <strong>2.51 (260311)<\/strong><\/p>\n\n\n<div class=\"wp-block-image\">\n<figure class=\"aligncenter size-thumbnail\"><a href=\"https:\/\/anb030.de\/audiobooks\/\"><img loading=\"lazy\" decoding=\"async\" width=\"150\" height=\"150\" src=\"https:\/\/anb030.de\/a\/wp-content\/uploads\/2026\/02\/icon-150x150.png\" alt=\"Zur H\u00f6rspielwerk WebApp\" class=\"wp-image-10252\" srcset=\"https:\/\/anb030.de\/a\/wp-content\/uploads\/2026\/02\/icon-150x150.png 150w, https:\/\/anb030.de\/a\/wp-content\/uploads\/2026\/02\/icon-300x300.png 300w, https:\/\/anb030.de\/a\/wp-content\/uploads\/2026\/02\/icon.png 512w\" sizes=\"auto, (max-width: 150px) 100vw, 150px\" \/><\/a><\/figure>\n<\/div>\n\n\n<div style=\"height:100px\" aria-hidden=\"true\" class=\"wp-block-spacer\"><\/div>\n\n\n\n<h2 class=\"wp-block-heading has-text-align-left\">\u29c1 RainDrops \u201eRegenvorschau\u201c<\/h2>\n\n\n\n<p class=\"has-text-align-left\">RainDrops ist eine vollst\u00e4ndig clientseitige Regen-Web-App, die Echtzeit-Niederschlagsdaten von OpenMeteo und BrightSky kombiniert, um pr\u00e4zise Nowcasts und 48-Stunden-Vorhersagen in einem eleganten Canvas-Chart darzustellen. Dank GPS-Ortung, manueller Standortsuche und einem transparenten Konfidenz-Indikator liefert sie verl\u00e4ssliche Regeninformationen \u2013 ohne Backend, ohne Tracking, DSGVO-konform. Als Gimmick zeigt die WebApp kontextabh\u00e4ngige, humorvolle Quips \u201e\ud83d\udcac\u201c je nach Regenintensit\u00e4t.<br \/><br \/>\u2022 Kategorie: Produktivit\u00e4t, Wetter<br \/>\u2022 iOS-, iPadOS-Optimiert<br \/>\u2022 WebApp-Ready<br \/>\u2022 Version: <strong>1.81<\/strong> (260501)<\/p>\n\n\n<div class=\"wp-block-image\">\n<figure class=\"aligncenter size-thumbnail\"><a href=\"https:\/\/anb030.de\/app.rainy\/\"><img loading=\"lazy\" decoding=\"async\" width=\"150\" height=\"150\" src=\"https:\/\/anb030.de\/a\/wp-content\/uploads\/2026\/04\/img_3477-150x150.jpg\" alt=\"WebApp - RainDrops\" class=\"wp-image-10550\" srcset=\"https:\/\/anb030.de\/a\/wp-content\/uploads\/2026\/04\/img_3477-150x150.jpg 150w, https:\/\/anb030.de\/a\/wp-content\/uploads\/2026\/04\/img_3477-300x300.jpg 300w, https:\/\/anb030.de\/a\/wp-content\/uploads\/2026\/04\/img_3477.jpg 512w\" sizes=\"auto, (max-width: 150px) 100vw, 150px\" \/><\/a><\/figure>\n<\/div>\n\n\n<div style=\"height:100px\" aria-hidden=\"true\" class=\"wp-block-spacer\"><\/div>\n\n\n\n<h2 class=\"wp-block-heading has-text-align-left\">\u29c1 tempDOT \u201eWetter f\u00fcr EU\u201c<\/h2>\n\n\n\n<p class=\"has-text-align-left\">Erlebe mit tempDOT europaweit das Wetter neu: pr\u00e4zise, transparent und mit echtem Designanspruch. tempDOT kombiniert zwei unabh\u00e4ngige Wetterdienst-API\u2018s (Open-Meteo und BrightSky\/DWD) zu einer einzigen Echtzeitaussage \u2013 komplett im Browser, DSGVO-konform und ohne Backend. Im charakteristischen Dot-Matrix-Stil erh\u00e4ltst du auf einen Blick eine stundengenaue Vorschau, einen 10-Tage-Trend, einen Luftqualit\u00e4ts-Index und einen farbcodierten Temperaturbalken und echten Drawer-Men\u00fc \u2013 optimiert f\u00fcr deinen Homescreen.<br \/><br \/>\u2022 Kategorie: Produktivit\u00e4t, Wetter<br \/>\u2022 iOS-, iPadOS-Optimiert<br \/>\u2022 WebApp-Ready<br \/>\u2022 Version: <strong>3.31<\/strong><\/p>\n\n\n<div class=\"wp-block-image\">\n<figure class=\"aligncenter size-thumbnail\"><a href=\"https:\/\/anb030.de\/app.wetter\/\"><img loading=\"lazy\" decoding=\"async\" width=\"150\" height=\"150\" src=\"https:\/\/anb030.de\/a\/wp-content\/uploads\/2025\/07\/icon-2-1-150x150.png\" alt=\"\" class=\"wp-image-9395\" srcset=\"https:\/\/anb030.de\/a\/wp-content\/uploads\/2025\/07\/icon-2-1-150x150.png 150w, https:\/\/anb030.de\/a\/wp-content\/uploads\/2025\/07\/icon-2-1-300x300.png 300w, https:\/\/anb030.de\/a\/wp-content\/uploads\/2025\/07\/icon-2-1.png 512w\" sizes=\"auto, (max-width: 150px) 100vw, 150px\" \/><\/a><\/figure>\n<\/div>\n\n\n<div style=\"height:100px\" aria-hidden=\"true\" class=\"wp-block-spacer\"><\/div>\n\n\n\n<h2 class=\"wp-block-heading has-text-align-left\"><strong>\u29c1<\/strong> CardLab<\/h2>\n\n\n\n<p class=\"has-text-align-left\">Erstelle 9 Spielkarten (59 x 91 mm) lokal im Browser auf einem DIN-A4-Blatt: Je Rate-Karte ein &#8211; idealerweise &#8211; quadratisches Foto hochladen, Frage und die drei Antworten eingeben, L\u00f6sung markieren. Das Ergebnis ist dann ein druckfertiges DIN-A4 PDF inklusive Schnittmarken.<br \/><br \/>\u2022 Kategorie: Produktivit\u00e4t, Office<br \/>\u2022 iOS- &amp; iPad &amp; Desktop-Optimiert<br \/>\u2022 WebApp-Ready<br \/>\u2022 Version: <strong>1.75 (260318)<\/strong><\/p>\n\n\n<div class=\"wp-block-image\">\n<figure class=\"aligncenter size-thumbnail\"><a href=\"https:\/\/anb030.de\/app.cardlab\/\"><img loading=\"lazy\" decoding=\"async\" width=\"150\" height=\"150\" src=\"https:\/\/anb030.de\/a\/wp-content\/uploads\/2026\/03\/app-icon-150x150.png\" alt=\"App-Icon: Zur CardLab WebApp\" class=\"wp-image-10463\" srcset=\"https:\/\/anb030.de\/a\/wp-content\/uploads\/2026\/03\/app-icon-150x150.png 150w, https:\/\/anb030.de\/a\/wp-content\/uploads\/2026\/03\/app-icon-300x300.png 300w, https:\/\/anb030.de\/a\/wp-content\/uploads\/2026\/03\/app-icon.png 512w\" sizes=\"auto, (max-width: 150px) 100vw, 150px\" \/><\/a><\/figure>\n<\/div>\n\n\n<div style=\"height:100px\" aria-hidden=\"true\" class=\"wp-block-spacer\"><\/div>\n\n\n\n<h2 class=\"wp-block-heading has-text-align-left\"><strong>\u29c1<\/strong> puxel<\/h2>\n\n\n\n<p>(\u2026)<br \/><br \/>\u2022 Kategorie: Produktivit\u00e4t, Office<br \/>\u2022 iOS- &amp; iPad-Optimiert<br \/>\u2022 WebApp-Ready<br \/>\u2022 Version: <strong>2.30 (260207)<\/strong><\/p>\n\n\n<div class=\"wp-block-image\">\n<figure class=\"aligncenter size-thumbnail\"><a href=\"https:\/\/anb030.de\/app.puxel\/\"><img loading=\"lazy\" decoding=\"async\" width=\"150\" height=\"150\" src=\"https:\/\/anb030.de\/a\/wp-content\/uploads\/2026\/02\/icon-1-150x150.png\" alt=\"\" class=\"wp-image-10259\" srcset=\"https:\/\/anb030.de\/a\/wp-content\/uploads\/2026\/02\/icon-1-150x150.png 150w, https:\/\/anb030.de\/a\/wp-content\/uploads\/2026\/02\/icon-1-300x300.png 300w, https:\/\/anb030.de\/a\/wp-content\/uploads\/2026\/02\/icon-1.png 512w\" sizes=\"auto, (max-width: 150px) 100vw, 150px\" \/><\/a><\/figure>\n<\/div>\n\n\n<div style=\"height:100px\" aria-hidden=\"true\" class=\"wp-block-spacer\"><\/div>\n\n\n\n<h2 class=\"wp-block-heading\"><strong>\u29c1<\/strong> WebPify <\/h2>\n\n\n\n<p class=\"has-text-align-left\">Mit WebPify lassen sich PNG- JPG\u2019s und JPEG-Dateien ganz einfach und ohne viel Tam-Tam in das Dateiformat WebP umwandeln. WebP ist ein zukunftstr\u00e4chtiges Format mit brillanter Bildqualit\u00e4t, das dabei auch den Alphakanal f\u00fcr transparente Hintergr\u00fcnde unterst\u00fctzt und dabei eine sehr geringe Endgr\u00f6\u00dfe hat.&nbsp;<br \/><br \/>\u2022 Kategorie: Produktivit\u00e4t, Image<br \/>\u2022 iOS- &amp; iPad &amp; Desktop-Optimiert<br \/>\u2022 WebApp-Ready<br \/>\u2022 Version: <strong>1.48 (260323)<\/strong><\/p>\n\n\n<div class=\"wp-block-image\">\n<figure class=\"aligncenter size-thumbnail\"><a href=\"https:\/\/anb030.de\/app.webpify\/\"><img loading=\"lazy\" decoding=\"async\" width=\"150\" height=\"150\" src=\"https:\/\/anb030.de\/a\/wp-content\/uploads\/2026\/03\/app-icon-150x150.jpg\" alt=\"WebPify WebApp \" class=\"wp-image-10453\" srcset=\"https:\/\/anb030.de\/a\/wp-content\/uploads\/2026\/03\/app-icon-150x150.jpg 150w, https:\/\/anb030.de\/a\/wp-content\/uploads\/2026\/03\/app-icon-300x300.jpg 300w, https:\/\/anb030.de\/a\/wp-content\/uploads\/2026\/03\/app-icon.jpg 512w\" sizes=\"auto, (max-width: 150px) 100vw, 150px\" \/><\/a><\/figure>\n<\/div>\n\n\n<div style=\"height:100px\" aria-hidden=\"true\" class=\"wp-block-spacer\"><\/div>\n\n\n\n<h2 class=\"wp-block-heading has-text-align-left\">\u29c1 SlideCSPRNG &#8211; Der Passwort Generator<\/h2>\n\n\n\n<p class=\"has-text-align-left\">Erfahre per Swipe-Geste die echte Passwortsicherheit. Erlebe meinen Passwort-Generator, der Kryptografie f\u00fchlbar macht. Mit einer intuitiven Wischgeste (wie du sie von alten iPhone-Zeiten kennst) erzeugst du hochsichere Passw\u00f6rter direkt in deinem Browser \u2013 zu 100 % lokal, DSGVO-konform, ohne Datentransfer und absolut privat mit etlichen Einstellm\u00f6glichkeiten. Minimalistisches Design trifft auf maximale Sicherheit, optimiert f\u00fcr deinen Homescreen. Schnell, sicher und ohne Kompromisse.<br \/><br \/>\u2022 Kategorie: Produktivit\u00e4t, Password<br \/>\u2022 iOS-Optimiert<br \/>\u2022 WebApp-Ready<br \/>\u2022 Version: <strong>2.59 (260402)<\/strong><\/p>\n\n\n<div class=\"wp-block-image\">\n<figure class=\"aligncenter size-thumbnail\"><a href=\"https:\/\/anb030.de\/app.pw\/\"><img loading=\"lazy\" decoding=\"async\" width=\"150\" height=\"150\" src=\"https:\/\/anb030.de\/a\/wp-content\/uploads\/2026\/04\/app-icon-150x150.png\" alt=\"WebApp: Zum SlideCSPRNG Projekt\" class=\"wp-image-10479\" srcset=\"https:\/\/anb030.de\/a\/wp-content\/uploads\/2026\/04\/app-icon-150x150.png 150w, https:\/\/anb030.de\/a\/wp-content\/uploads\/2026\/04\/app-icon-300x300.png 300w, https:\/\/anb030.de\/a\/wp-content\/uploads\/2026\/04\/app-icon.png 512w\" sizes=\"auto, (max-width: 150px) 100vw, 150px\" \/><\/a><\/figure>\n<\/div>\n\n\n<div style=\"height:100px\" aria-hidden=\"true\" class=\"wp-block-spacer\"><\/div>\n\n\n\n<h2 class=\"wp-block-heading has-text-align-left\">\u29c1 App Store Badge Generator <mark style=\"background-color:rgba(0, 0, 0, 0);color:#cf2e2e\" class=\"has-inline-color has-vivid-red-color\">[beta]<\/mark><\/h2>\n\n\n\n<p>(\u2026)<br \/><br \/>\u2022 Kategorie: Produktivit\u00e4t, Office <br \/>\u2022 iOS-Optimiert<br \/>\u2022 WebApp-Ready<br \/>\u2022 Version: <strong>1.13 (250713)<\/strong><\/p>\n\n\n<div class=\"wp-block-image\">\n<figure class=\"aligncenter size-thumbnail\"><a href=\"https:\/\/www.anb030.de\/app.badge\/\"><img loading=\"lazy\" decoding=\"async\" width=\"150\" height=\"150\" src=\"https:\/\/anb030.de\/a\/wp-content\/uploads\/2025\/07\/icon-1-1-150x150.png\" alt=\"Zu meinem App Store Badge Generator\" class=\"wp-image-9389\" srcset=\"https:\/\/anb030.de\/a\/wp-content\/uploads\/2025\/07\/icon-1-1-150x150.png 150w, https:\/\/anb030.de\/a\/wp-content\/uploads\/2025\/07\/icon-1-1-300x300.png 300w, https:\/\/anb030.de\/a\/wp-content\/uploads\/2025\/07\/icon-1-1.png 512w\" sizes=\"auto, (max-width: 150px) 100vw, 150px\" \/><\/a><\/figure>\n<\/div>\n\n\n<div style=\"height:100px\" aria-hidden=\"true\" class=\"wp-block-spacer\"><\/div>\n\n\n\n<h2 class=\"wp-block-heading has-text-align-left\"><strong>\u29c1<\/strong> Clear View Camera <mark style=\"background-color:rgba(0, 0, 0, 0);color:#cf2e2e\" class=\"has-inline-color has-vivid-red-color\">[beta]<\/mark><\/h2>\n\n\n\n<p>(\u2026)<br \/><br \/>\u2022 Kategorie: Produktivit\u00e4t, Kamera<br \/>\u2022 iOS-Optimiert<br \/>\u2022 WebApp-Ready<br \/>\u2022 Version: <strong>1.01 (251101)<\/strong><\/p>\n\n\n<div class=\"wp-block-image\">\n<figure class=\"aligncenter size-thumbnail\"><a href=\"https:\/\/www.anb030.de\/app.clearview\/\"><img loading=\"lazy\" decoding=\"async\" width=\"150\" height=\"150\" src=\"https:\/\/anb030.de\/a\/wp-content\/uploads\/2025\/11\/icon-150x150.png\" alt=\"\" class=\"wp-image-9952\" srcset=\"https:\/\/anb030.de\/a\/wp-content\/uploads\/2025\/11\/icon-150x150.png 150w, https:\/\/anb030.de\/a\/wp-content\/uploads\/2025\/11\/icon-300x300.png 300w, https:\/\/anb030.de\/a\/wp-content\/uploads\/2025\/11\/icon.png 512w\" sizes=\"auto, (max-width: 150px) 100vw, 150px\" \/><\/a><\/figure>\n<\/div>\n\n\n<div style=\"height:100px\" aria-hidden=\"true\" class=\"wp-block-spacer\"><\/div>\n\n\n\n<h2 class=\"wp-block-heading\">\u29c1 SuperBall Touch<\/h2>\n\n\n\n<p>(\u2026)<br \/><br \/>\u2022 Kategorie: Arcade, Game<br \/>\u2022 iOS-Optimiert<br \/>\u2022 WebApp-Ready<br \/>\u2022 Version: <strong>2.19 (260201)<\/strong><\/p>\n\n\n<div class=\"wp-block-image\">\n<figure class=\"aligncenter size-thumbnail\"><a href=\"https:\/\/anb030.de\/app.superball\/\"><img loading=\"lazy\" decoding=\"async\" width=\"150\" height=\"150\" src=\"https:\/\/anb030.de\/a\/wp-content\/uploads\/2025\/11\/app_icon_page-150x150.png\" alt=\"SuperBall Touch Game WebApp\" class=\"wp-image-10039\" srcset=\"https:\/\/anb030.de\/a\/wp-content\/uploads\/2025\/11\/app_icon_page-150x150.png 150w, https:\/\/anb030.de\/a\/wp-content\/uploads\/2025\/11\/app_icon_page-300x300.png 300w, https:\/\/anb030.de\/a\/wp-content\/uploads\/2025\/11\/app_icon_page.png 512w\" sizes=\"auto, (max-width: 150px) 100vw, 150px\" \/><\/a><\/figure>\n<\/div>\n\n\n<div style=\"height:100px\" aria-hidden=\"true\" class=\"wp-block-spacer\"><\/div>\n\n\n\n<h2 class=\"wp-block-heading has-text-align-left\">\u29c1 4 Gewinnt<\/h2>\n\n\n\n<p>(\u2026)<br \/><br \/>\u2022 Kategorie: Arcade, Game<br \/>\u2022 iOS-Optimiert<br \/>\u2022 WebApp-Ready<br \/>\u2022 Version: <strong>2.23 (260325)<\/strong><\/p>\n\n\n<div class=\"wp-block-image\">\n<figure class=\"aligncenter size-thumbnail\"><a href=\"https:\/\/anb030.de\/app.4gewinnt\/index.html\"><img loading=\"lazy\" decoding=\"async\" width=\"150\" height=\"150\" src=\"https:\/\/anb030.de\/a\/wp-content\/uploads\/2026\/03\/app_icon-150x150.jpg\" alt=\"App-Icon: Zur 4 Gewinnt WebApp\" class=\"wp-image-10460\" srcset=\"https:\/\/anb030.de\/a\/wp-content\/uploads\/2026\/03\/app_icon-150x150.jpg 150w, https:\/\/anb030.de\/a\/wp-content\/uploads\/2026\/03\/app_icon-300x300.jpg 300w, https:\/\/anb030.de\/a\/wp-content\/uploads\/2026\/03\/app_icon.jpg 512w\" sizes=\"auto, (max-width: 150px) 100vw, 150px\" \/><\/a><\/figure>\n<\/div>\n\n\n<div style=\"height:100px\" aria-hidden=\"true\" class=\"wp-block-spacer\"><\/div>\n\n\n\n<h2 class=\"wp-block-heading has-text-align-left\">\u29c1 CircleTap <\/h2>\n\n\n\n<p class=\"has-text-align-left\">Bei CircleTap, einem schnellen Reaktionsspiel, l\u00e4uft ein Ball auf einer Kreisbahn. Du musst genau im richtigen Moment tap\u2019n, wenn er sich im farbigen Bogen befindet. Jeder Treffer bringt Punkte. Mit der Zeit wird das Spiel immer schneller. Dabei wechseln Farben, Gr\u00f6\u00dfe, Geschwindigkeit und Richtung des Bogens sowie Balls st\u00e4ndig, was f\u00fcr Abwechslung sorgt.&nbsp;<br \/><br \/>\u2022 Kategorie: Arcade, Game<br \/>\u2022 iOS-Optimiert<br \/>\u2022 WebApp-Ready<br \/>\u2022 Version: <strong>1.81 (260327)<\/strong><\/p>\n\n\n<div class=\"wp-block-image\">\n<figure class=\"aligncenter size-thumbnail\"><a href=\"https:\/\/anb030.de\/app.circletap\/\"><img loading=\"lazy\" decoding=\"async\" width=\"150\" height=\"150\" src=\"https:\/\/anb030.de\/a\/wp-content\/uploads\/2026\/03\/icon-150x150.png\" alt=\"WebApp: Zum CirlceTap Spiel\" class=\"wp-image-10471\" srcset=\"https:\/\/anb030.de\/a\/wp-content\/uploads\/2026\/03\/icon-150x150.png 150w, https:\/\/anb030.de\/a\/wp-content\/uploads\/2026\/03\/icon-300x300.png 300w, https:\/\/anb030.de\/a\/wp-content\/uploads\/2026\/03\/icon.png 512w\" sizes=\"auto, (max-width: 150px) 100vw, 150px\" \/><\/a><\/figure>\n<\/div>\n\n\n<div style=\"height:100px\" aria-hidden=\"true\" class=\"wp-block-spacer\"><\/div>\n\n\n\n<h2 class=\"wp-block-heading\"><strong>\u29c1 xxo &#8211; TicTacToe<\/strong><\/h2>\n\n\n\n<p class=\"has-text-align-left\">Vergiss das klassische Tic-Tac-Toe: Mit xxo erlebst du das ultimative Next-Level-Duell! Stelle dich im Mixery-Modus einer adaptiven KI, die in sechs verschiedenen Pers\u00f6nlichkeiten denkt, z\u00f6gert und dazulernt. Ob im Decay-Modus mit verschwindenden Steinen oder im Hidden-Modus mit unsichtbaren Z\u00fcgen \u2013 dank authentischer Denkpausen und rotierendem Ansto\u00df f\u00fchlt sich jede Runde wie ein echtes, menschliches Duell an. Bereit f\u00fcr den Twist?<br \/><br \/>\u2022 Kategorie: Arcade, Game<br \/>\u2022 iOS-Optimiert<br \/>\u2022 WebApp-Ready<br \/>\u2022 Version: <strong>2.69 (260330)<\/strong><\/p>\n\n\n<div class=\"wp-block-image\">\n<figure class=\"aligncenter size-thumbnail\"><a href=\"https:\/\/anb030.de\/app.xxo\/\"><img loading=\"lazy\" decoding=\"async\" width=\"150\" height=\"150\" src=\"https:\/\/anb030.de\/a\/wp-content\/uploads\/2026\/03\/icon-1-150x150.png\" alt=\"WebApp: Zum xxo Spiel\" class=\"wp-image-10474\" srcset=\"https:\/\/anb030.de\/a\/wp-content\/uploads\/2026\/03\/icon-1-150x150.png 150w, https:\/\/anb030.de\/a\/wp-content\/uploads\/2026\/03\/icon-1-300x300.png 300w, https:\/\/anb030.de\/a\/wp-content\/uploads\/2026\/03\/icon-1.png 512w\" sizes=\"auto, (max-width: 150px) 100vw, 150px\" \/><\/a><\/figure>\n<\/div>\n\n\n<div style=\"height:100px\" aria-hidden=\"true\" class=\"wp-block-spacer\"><\/div>\n\n\n\n<h2 class=\"wp-block-heading has-text-align-left\"><strong>\u29c1 BNR &#8211; Berlin Night Runner<\/strong><\/h2>\n\n\n\n<p class=\"has-text-align-left\">In Berlin Night Runner, einem schnellen Endless-Runner-Spiel, sprintest du durch die Berliner Nacht und springst \u00fcber acht ikonische, liebevoll handgezeichnete Wahrzeichen. Mit pr\u00e4zisem Timing weichst du den Hindernissen aus. Kleine Plattformen k\u00f6nnen dir helfen, oder du nutzt Doppelspr\u00fcnge, die du dosiert einsetzen musst. Mit zunehmender Distanz steigt das Tempo stetig, wodurch Reaktion und Rhythmus immer wichtiger werden. Wie weit kommst du?<br \/><br \/>\u2022 Kategorie: Arcade, Game<br \/>\u2022 iOS-Optimiert<br \/>\u2022 WebApp-Ready<br \/>\u2022 Version: <strong>1.44 (260425)<\/strong><\/p>\n\n\n<div class=\"wp-block-image\">\n<figure class=\"aligncenter size-thumbnail\"><a href=\"https:\/\/anb030.de\/app.bln\/\"><img loading=\"lazy\" decoding=\"async\" width=\"150\" height=\"150\" src=\"https:\/\/anb030.de\/a\/wp-content\/uploads\/2026\/04\/img_3352-150x150.jpg\" alt=\"Zum WebApp-Spiel - BNR\" class=\"wp-image-10547\" srcset=\"https:\/\/anb030.de\/a\/wp-content\/uploads\/2026\/04\/img_3352-150x150.jpg 150w, https:\/\/anb030.de\/a\/wp-content\/uploads\/2026\/04\/img_3352-300x300.jpg 300w, https:\/\/anb030.de\/a\/wp-content\/uploads\/2026\/04\/img_3352.jpg 512w\" sizes=\"auto, (max-width: 150px) 100vw, 150px\" \/><\/a><\/figure>\n<\/div>\n\n\n<div style=\"height:100px\" aria-hidden=\"true\" class=\"wp-block-spacer\"><\/div>\n","protected":false},"excerpt":{"rendered":"<p>Willkommen auf meinem digitalen Spielplatz! Das ist der Ort, an dem ich mit Leidenschaft Code-Zeilen schreibe, Pixel verschiebe und hin und wieder einen hartn\u00e4ckigen Bug besiege. Die meisten Apps hier sind entstanden, weil ich im Netz vergeblich nach einer L\u00f6sung gesucht habe \u2013 oder weil ich einfach wissen wollte, ob ich \u201eThema XY\u201d bezwingen kann. [&hellip;]<\/p>\n","protected":false},"author":1,"featured_media":0,"parent":2821,"menu_order":0,"comment_status":"closed","ping_status":"closed","template":"","meta":{"footnotes":""},"class_list":["post-10393","page","type-page","status-publish","hentry","gallery-content-unit"],"_links":{"self":[{"href":"https:\/\/anb030.de\/a\/wp-json\/wp\/v2\/pages\/10393","targetHints":{"allow":["GET"]}}],"collection":[{"href":"https:\/\/anb030.de\/a\/wp-json\/wp\/v2\/pages"}],"about":[{"href":"https:\/\/anb030.de\/a\/wp-json\/wp\/v2\/types\/page"}],"author":[{"embeddable":true,"href":"https:\/\/anb030.de\/a\/wp-json\/wp\/v2\/users\/1"}],"replies":[{"embeddable":true,"href":"https:\/\/anb030.de\/a\/wp-json\/wp\/v2\/comments?post=10393"}],"version-history":[{"count":69,"href":"https:\/\/anb030.de\/a\/wp-json\/wp\/v2\/pages\/10393\/revisions"}],"predecessor-version":[{"id":10571,"href":"https:\/\/anb030.de\/a\/wp-json\/wp\/v2\/pages\/10393\/revisions\/10571"}],"up":[{"embeddable":true,"href":"https:\/\/anb030.de\/a\/wp-json\/wp\/v2\/pages\/2821"}],"wp:attachment":[{"href":"https:\/\/anb030.de\/a\/wp-json\/wp\/v2\/media?parent=10393"}],"curies":[{"name":"wp","href":"https:\/\/api.w.org\/{rel}","templated":true}]}}